*v**2 + 95. Let j be q(0). Let z = -75 + j. What is the remainder when 98 is divided by z?
18
Let s be ((-2)/4)/(1047/522 + -2). Let u = s + 92. Calculate the remainder when 11 is divided by u.
1
Suppose -5*g - 7*w + 5*w = -154, 2*w - 34 = -g. Suppose y - g + 7 = 0. Calculate the remainder when 90 is divided by y.
21
Calculate the remainder when 75 is divided by -2 - (2 + -4 + 3 + -13).
5
Let d(r) = 2*r + 71. What is the remainder when 62 is divided by d(-29)?
10
Let l = 41 + -50. Calculate the remainder when (-82)/(-2) + l/(6/(-2)) is divided by 15.
14
Let y = -251 - -253. What is the remainder when 14/8 + 8/32 is divided by y?
0
Let f(y) = -2*y**2 - 16*y + 36. Calculate the remainder when 65 is divided by f(-8).
29
Suppose -2*n = -4*f - 86, 6*n - 7*n = 5*f - 8. What is the remainder when 119 is divided by n?
20
Suppose -r + 5*z = 2*r - 12, 2*r - 8 = z. Suppose 0 = -r*i - 12, 0 = -h - i - i. What is the remainder when 11 is divided by h?
5
Suppose 21*y - 115 = 116. What is the remainder when 216 is divided by y?
7
Suppose -2*z - 9 = -5*u, -2*u + 2*z = -0*u. Let b be -3 - 50/(-12) - (-2)/(-12). Let m(r) = -r + 3. What is the remainder when u is divided by m(b)?
1
Let h(c) = 3*c**2 - 3*c + 2. What is the remainder when -7 + 37/(-4)*-4 is divided by h(2)?
6
Let y(k) = 40*k + 298. Calculate the remainder when y(6) is divided by 30.
28
Let d(v) = -34*v + 454. What is the remainder when d(3) is divided by 61?
47
Let f = 33 + -28. Suppose 68 = -f*s + 233. Suppose -3*b + s = 2*z, -2*z - 5*b = -0*z - 27. What is the remainder when 102 is divided by z?
18
Suppose -4*c = -5*c + 21. Suppose -3*h + 8 = 2. Suppose -5*l - 220 = -o - 4*o, -49 = -o + h*l. Calculate the remainder when o is divided by c.
18
Let q = 801 - 442. Calculate the remainder when q is divided by 33.
29
Let z(j) = 9*j**2 + j. Let q(u) = 5*u + 34. What is the remainder when q(-1) is divided by z(-1)?
5
Let o = -9374 + 9405. Let z(u) be the first derivative of 11*u**2/2 - 1. What is the remainder when o is divided by z(1)?
9
Suppose 0 = -6*u + 9*u - 60. Suppose -c - 2*y + 885 = 4*c, 0 = c - 3*y - 194. What is the remainder when c is divided by u?
19
Let w = 33 - 30. Suppose 0 = w*u - 6*u + 6. What is the remainder when 87 is divided by 16 - (2 + -2 - u)?
15
Let m be (-20)/(-6) + (-8)/(-12). Suppose z - 2*z - 5 = 0. What is the remainder when 70 is divided by m/(-10) - 92/z?
16
Let n = -33 - -38. Suppose -13 = n*a - 43. What is the remainder when 17 is divided by 21/2*a/9?
3
Suppose -2*r + 3*w + 8 = -0*r, -4 = -r + 4*w. Suppose r*u = 4*o + 132, -2*u - 2*o = -0*o - 54. Calculate the remainder when 88 is divided by u.
28
Suppose -3*p = -5*w + 8487, p = -3*w - 3*p + 5098. Suppose -5*y + 4443 = w. What is the remainder when 27 is divided by 2/(-8) + y/36?
12
Suppose 15*u - 178 = 287. Calculate the remainder when u is divided by 17.
14
Suppose 2*q - 8 = -2*b, -3*q - 4*b = 2*q - 23. Let u = q + 130. Calculate the remainder when u is divided by 14.
11
Let i = 109 - 83. Calculate the remainder when i is divided by 1.
0
Let q = 234 - 221. What is the remainder when 284 is divided by q?
11
Suppose c - 18 = 5*o, -c + 4*c = 5*o + 34. Suppose c = x + 4*f, 4*x - 5*f - 48 - 5 = 0. Calculate the remainder when 43 is divided by 2 + x + (-1 - -2).
13
Let z be (-9)/(-6)*(2 + 0). Suppose -4*m + 16 = -z*m. Suppose 18 = d + 2*d. Calculate the remainder when m is divided by d.
4
Calculate the remainder when 11 is divided by 0 - 2*1/(-2)*2.
1
Let o(l) = -l + 16. Suppose 22 + 8 = -3*m. Calculate the remainder when o(m) is divided by 7.
5
Suppose 4 = n, 3*f = -4*n - 138 + 466. Calculate the remainder when f is divided by 38.
28
Suppose -3*i + 2*i - 5 = 0. Let w be ((-4)/i)/(28/1330). Suppose -t = -0*t - w. Calculate the remainder when t is divided by 20.
18
Let j(d) = d**3 + 4*d**2 + 6*d + 3. Let h be j(-4). What is the remainder when 134 is divided by (h - -3)/(2/(-3))?
26
Suppose x - 56 = -3*x. Calculate the remainder when 162 is divided by x.
8
Let v(h) = 3*h**2 - 6*h - 8. Let r be v(-7). Suppose 4*g = n + r, -2*g - n + 63 + 32 = 0. Let i = 77 - g. Calculate the remainder when i is divided by 8.
7
Suppose 100 = -35*l + 39*l. Calculate the remainder when 67 is divided by l.
17
Let c(l) = 3*l**2 + l**2 + 11 - 3*l**2 + 185*l - 179*l. Suppose -5*t + 4*t - 2*o = -27, 66 = 3*t + o. What is the remainder when t is divided by c(-5)?
3
Let f(u) = -u**3 + 6*u**2 + 8*u - 2. Let l = -1042 - -1050. What is the remainder when f(6) is divided by l?
6
Suppose 34 = t + 5*a, -5*a + 200 - 19 = 4*t. What is the remainder when t is divided by 25?
24
Suppose 2*a + 2*g - 6 = 4*g, a + 4*g = 28. Let n = a - -13. Let u = -11 - -17. What is the remainder when n is divided by u?
3
Suppose -8*r + 919 + 649 = 0. Calculate the remainder when r is divided by 33.
31
Let m be 2 - -1 - (21 + -18). Suppose m = -4*d - 7*s + 2*s + 217, -d - 4*s + 46 = 0. What is the remainder when d is divided by 12?
10
Suppose 0 = -2*i - i + 12. What is the remainder when (6/18)/((-1)/(-3)) - -7 is divided by i?
0
Suppose 3*a = 3*y + 606, -3*y - 197 + 1033 = 4*a. Calculate the remainder when a is divided by 9.
8
Suppose -3*c + 5*k = 9, -4*c + 1 = -3*k + 2. Suppose -3*r - 2*r = -175. What is the remainder when (r/20)/(c/16) is divided by 8?
6
Let j = 708 + -498. Calculate the remainder when j is divided by 45.
30
Suppose -169 = -4*t + 87. Suppose -3*q + t = -q. Let i = q + -21. What is the remainder when 39 is divided by i?
6
Let m(c) = -c + 21. Calculate the remainder when 99 is divided by m(8).
8
Suppose -2*i = -4*i - 2*r + 568, 3*r = -3. Suppose 0 = -t + 6*t - i. Let u = 94 - t. What is the remainder when u is divided by 10?
7
Suppose 0 = 2*b - 4*b + 36. Calculate the remainder when (14 + (-33)/22)/(2/20) is divided by b.
17
Let o(k) = 2*k**2 - 21*k + 14. Let z be o(16). Suppose -z = -2*s - 18. What is the remainder when s is divided by 29?
28
Let g = -29 - -45. Suppose 5*o - g = 4*o. Calculate the remainder when 29 is divided by o.
13
Suppose -4*f + 174 = -g - 206, g = 5*f - 474. Calculate the remainder when f is divided by (8*1)/((-3)/(-12)).
30
Let i = 25 - 25. What is the remainder when (-162)/(-2) - (1 + i) is divided by 27?
26
Let y(s) = 13*s. Let h(i) be the second derivative of -91*i**3/2 + i. Let p(j) = -5*h(j) - 104*y(j). Calculate the remainder when p(3) is divided by 14.
11
Let h = -90 - -93. Suppose 0*q = -4*q + 20. Suppose -g + 22 = k, -q*k - g = -h*k - 44. Calculate the remainder when 63 is divided by k.
19
Suppose 0 = -3*b - 26*s + 31*s + 265, 3*s = 21. Let t = -20 - -33. What is the remainder when b is divided by t?
9
Suppose 5*q - 93 = 47. What is the remainder when q is divided by 7?
0
Let t(b) = 4*b - 50. Let c be t(12). Let s = 10 + c. What is the remainder when 26 is divided by s?
2
Let g = -119 + 201. What is the remainder when g is divided by 52?
30
Let y = 1059 - 1023. Calculate the remainder when y is divided by 20.
16
Let b be (1/3*0)/(-3). Suppose 0 = c - b*c. What is the remainder when 39 is divided by (c + -6 - -3) + 13?
9
Suppose 0 = -2*i + 3*h + 14, -20*i + 5*h = -25*i + 60. Let v(n) = -17*n - 1. What is the remainder when v(-1) is divided by i?
6
Let u be 0 - -5 - (2 + -2). Calculate the remainder when 131 is divided by (u - 6)/(1/(-33)).
32
Suppose 18 = 2*u + 4*l, -u + 5*u - 3 = 3*l. Calculate the remainder when 6 is divided by u.
0
Suppose -5*a + 22*g - 23*g + 84 = 0, -5*a + 4*g + 89 = 0. Let k = 167 + -106. Calculate the remainder when k is divided by a.
10
Let f = -243 - -283. Calculate the remainder when 196 is divided by f.
36
Suppose u = c - 3*u + 6, 3*c = u + 4. Suppose -1705 = -c*b - 9*b. Calculate the remainder when b is divided by 13.
12
Suppose -3*l + 1 + 6 = -2*b, 0 = 2*l + b - 7. Calculate the remainder when -1*(l + 0)*-7 is divided by 11.
10
Suppose 0 = -5*y - 3*j + 19, 0 = 2*j + 4. Suppose -3*p + i + 10 = 4, 5*i = -2*p + 21. Let s(n) = 2*n + 1. What is the remainder when s(p) is divided by y?
2
Let a be 0/(-3) - (-1 - 0). Let p be -7*-10*a/7. Suppose 0 = m - 2*m + p. Calculate the remainder when 47 is divided by m.
7
Suppose 184*w + 2888 = 203*w. What is the remainder when w is divided by 29?
7
Let k(u) = u**2 + 3*u - 3. Let f(o) = o**3 + 9*o**2 + 4*o + 12. Let c be 1/7 - (-114)/(-14). What is the remainder whe